 a factor of 13202?
False
Is 172316 a multiple of 61?
False
Is 27 a factor of 115506?
True
Is 105 a factor of 268800?
True
Does 133 divide 329135?
False
Is 83 a factor of 138598?
False
Does 82 divide 27142?
True
Does 22 divide 18546?
True
Does 4 divide 25556?
True
Does 32 divide 102432?
True
Is 775971 a multiple of 7?
True
Is 278 a factor of 681305?
False
Is 1668 a factor of 12770208?
True
Does 4 divide 10208?
True
Does 367 divide 10035248?
True
Is 1550 a factor of 15675150?
True
Does 2285 divide 18919800?
True
Is 74726 a multiple of 29?
False
Is 64538 even?
True
Does 1218 divide 12620916?
True
Does 287 divide 58548?
True
Is 126 a factor of 687239?
False
Is 14 a factor of 80226?
False
Does 14 divide 28196?
True
Is 1735574 a multiple of 38?
True
Does 36 divide 2028888?
True
Does 43 divide 6247?
False
Is 211491 a multiple of 35?
False
Is 107 a factor of 128491?
False
Is 25017421 a multiple of 2761?
True
Is 651 a factor of 48466?
False
Is 51 a factor of 539886?
True
Is 43751 a multiple of 11?
False
Is 6195909 a multiple of 1236?
False
Is 225 a factor of 521100?
True
Is 222427 a multiple of 15?
False
Is 96871 even?
False
Does 338 divide 1703858?
True
Is 25 a factor of 767650?
True
Is 52240 a multiple of 80?
True
Does 26 divide 279701?
False
Is 2710680 a multiple of 392?
True
Does 37 divide 4510411?
True
Is 6428275 a multiple of 763?
True
Is 114 a factor of 610584?
True
Is 867 a factor of 1193260?
False
Is 24552 a multiple of 124?
True
Is 20878 a multiple of 112?
False
Is 9167840 a multiple of 22?
True
Does 54 divide 241895?
False
Does 413 divide 3407663?
True
Is 219 a factor of 373395?
True
Is 12808 a multiple of 165?
False
Is 9554307 a multiple of 23?
False
Does 16 divide 55066?
False
Is 38426 a multiple of 471?
False
Is 121742 a multiple of 9?
False
Does 32 divide 254719?
False
Is 11 a factor of 127796?
False
Does 66 divide 118866?
True
Is 292 a factor of 332661?
False
Is 382358 a multiple of 123?
False
Is 346 a factor of 4921850?
True
Is 51204 a multiple of 17?
True
Does 426 divide 1464162?
True
Does 67 divide 15477?
True
Is 11235 a multiple of 21?
True
Is 20 a factor of 61590?
False
Does 449 divide 6240307?
False
Does 5 divide 172545?
True
Is 154 a factor of 11556?
False
Does 152 divide 3957266?
False
Does 44 divide 70102?
False
Is 678712 a multiple of 132?
False
Is 853 a factor of 8722489?
False
Is 248 a factor of 2155120?
True
Is 16416156 a multiple of 770?
False
Is 551843 a multiple of 8?
False
Is 72 a factor of 210960?
True
Is 172809 a multiple of 7?
True
Is 17 a factor of 1360170?
True
Does 228 divide 1922268?
True
Is 425490 a multiple of 26?
True
Is 1073415 a multiple of 670?
False
Is 17 a factor of 18384765?
False
Does 4 divide 349705?
False
Is 50904 a multiple of 252?
True
Is 611496 a multiple of 447?
True
Is 434397 a multiple of 57?
True
Is 27 a factor of 389039?
False
Does 13 divide 67509?
True
Is 17794287 a multiple of 369?
True
Is 8 a factor of 215604?
False
Is 552868 a multiple of 16?
False
Is 220209 a multiple of 45?
False
Is 2468517 a multiple of 149?
False
Is 17099 a multiple of 6?
False
Is 1889690 a multiple of 110?
True
Is 30954 a multiple of 6?
True
Is 345 a factor of 3206901?
False
Does 114 divide 384381?
False
Is 12320810 a multiple of 298?
True
Does 1438 divide 21240945?
False
Is 18 a factor of 468588?
False
Is 36544 a multiple of 32?
True
Does 339 divide 511212?
True
Is 17541933 a multiple of 857?
True
Is 5116214 a multiple of 466?
True
Does 11 divide 707256?
True
Is 18 a factor of 186732?
True
Is 12 a factor of 60996?
True
Is 418 a factor of 34251?
False
Is 18 a factor of 2811096?
True
Does 23 divide 431043?
True
Is 120 a factor of 1024382?
False
Does 9 divide 14476?
False
Is 15 a factor of 3126293?
False
Does 73 divide 2934089?
True
Is 5 a factor of 8641442?
False
Is 1107 a multiple of 3?
True
Does 224 divide 12706837?
False
Is 13 a factor of 4760964?
True
Is 2595320 a multiple of 140?
True
Is 47 a factor of 485284?
False
Is 609 a factor of 1552519?
False
Does 456 divide 378482?
False
Is 180 a factor of 10100520?
True
Is 71504 a multiple of 16?
True
Is 295269 a multiple of 13?
True
Is 116876 a multiple of 313?
False
Is 138616 a multiple of 313?
False
Does 30 divide 22438530?
True
Is 71 a factor of 515339?
False
Does 48 divide 382278?
False
Does 78 divide 96642?
True
Does 540 divide 3826720?
False
Does 9 divide 535268?
False
Is 166 a factor of 1345762?
True
Does 109 divide 1204886?
True
Does 1147 divide 899248?
True
Is 19 a factor of 220018?
False
Does 43 divide 547949?
True
Is 1355 a factor of 10047325?
True
Is 763 a factor of 3325837?
False
Is 497 a factor of 8412222?
True
Is 835162 a multiple of 139?
False
Is 309363 a multiple of 101?
True
Is 18758 a multiple of 386?
False
Does 152 divide 6455440?
True
Does 6 divide 4686434?
False
Does 73 divide 1709368?
True
Is 23 a factor of 15311?
False
Is 1405 a factor of 4524237?
False
Is 220 a factor of 720371?
False
Is 26 a factor of 7211938?
False
Is 419 a factor of 60968?
False
Is 108 a factor of 91044?
True
Is 17741006 a multiple of 530?
False
Is 30504 a multiple of 35?
False
Is 183 a factor of 162672?
False
Does 11 divide 32310?
False
Is 81110 a multiple of 6?
False
Is 19402990 a multiple of 10?
True
Is 896797 a multiple of 13?
False
Is 9 a factor of 3144290?
False
Is 11 a factor of 216963?
False
Does 29 divide 36165?
False
Is 11 a factor of 276067?
True
Is 2639735 a multiple of 69?
False
Does 49 divide 9990708?
True
Is 11 a factor of 4118004?
True
Does 833 divide 920465?
True
Is 4045670 a multiple of 38?
True
Is 95 a factor of 88065?
True
Does 524 divide 2812417?
False
Is 6538793 a multiple of 59?
True
Is 630 a factor of 241290?
True
Is 21017360 a multiple of 52?
True
Is 97 a factor of 129003?
False
Is 61 a factor of 52205?
False
Is 81 a factor of 14462483?
False
Is 25 a factor of 14494274?
False
Is 1027 a factor of 6696040?
True
Is 237682 a multiple of 481?
False
Is 3 a factor of 610509?
True
Is 2454 a multiple of 6?
True
Does 64 divide 17299008?
True
Is 300 a factor of 319892?
False
Is 24 a factor of 512400?
True
Is 24 a factor of 88893?
False
Is 1173704 a multiple of 8?
True
Does 34 divide 11320400?
False
Is 10 a factor of 844560?
True
Does 80 divide 2100726?
False
Does 3 divide 49243?
False
Is 14 a factor of 8674?
False
Does 12 divide 905304?
True
Is 12469184 a multiple of 104?
True
Is 89 a factor of 58552?
False
Does 3 divide 15165?
True
Does 7 divide 264564?
False
Is 73 a factor of 285138?
True
Is 280 even?
True
Is 273884 a multiple of 26?
True
Is 267 a factor of 17755767?
True
Is 33 a factor of 918822?
False
Does 270 divide 3723?
False
Is 267 a factor of 39783?
True
Is 317681 a multiple of 7?
True
Does 13 divide 204282?
True
Is 1000428 a multiple of 572?
True
Is 75447 a multiple of 83?
True
Is 36 a factor of 392004?
True
Is 38 a factor of 1341894?
True
Is 137 a factor of 8838555?
True
Is 2750997 a multiple of 12?
False
Is 67328 a multiple of 64?
True
Is 2125 a multiple of 2?
False
Does 490 divide 3691660?
True
Does 258 divide 3577718?
False
Does 2 divide 115210?
True
Is 58752 a multiple of 72?
True
Does 29 divide 295133?
True
Is 6275 a multiple of 25?
True
Does 96 divide 276786?
False
Is 1259365 a multiple of 2?
False
Is 7509 a multiple of 55?
False
Does 64 divide 329127?
False
Does 18 divide 47160?
True
Does 194 divide 702992?
False
Is 5320767 a multiple of 66?
False
Does 32 divide 310400?
True
Does 185 divide 8615101?
False
Is 153414 a multiple of 6?
True
Is 217270 a multiple of 289?
False
Is 309 a factor of 261848?
False
Does 22 divide 14869?
False
Is 3102534 a multiple of 202?
False
Is 8 a factor of 2302398?
False
Is 6207976 a multiple of 4?
True
Does 20 divide 155943?
False
Is 15 a factor of 1337305?
False
Does 856 divide 3319145?
False
Is 287 a factor of 5105443?
True
Is 3206257 a multiple of 754?
False
Is 1788506 a multiple of 12?
False
Is 10 a factor of 3334545?
False
Does 14 divide 71710?
False
Does 188 divide 6864225?
False
Does 18 divide 30384?
True
Is 712278 a multiple of 42?
True
Is 816332 a multiple of 17?
False
Is 16 a factor of 8150408?
False
Is 4530735 a multiple of 33?
True
Is 87 a factor of 10353?
True
Does 13 divide 298935?
True
Does 1030 divide 392131?
False
Does 24 divide 12166823?
False
Is 68 a factor of 2620108?
True
Is 50844 a multiple